ivided by 22?
9
Let l = -19580 - -20045. What is the remainder when l is divided by 38?
9
Let n(l) = 14*l + 32. Calculate the remainder when 216 is divided by n(-1).
0
Let j = 10 - 10. Let z be -2 + j + 2 + 12 - -3. What is the remainder when -1 + 0 + 2 + 1785/z is divided by 31?
27
Suppose 0 = 4*a + 2*n - 35 - 83, -5*n + 121 = 4*a. Suppose 168*d - 219*d = -459. What is the remainder when a is divided by d?
2
Suppose 0 = 3*s - 0*s + 15, -5*b + 5*s = 0. Let l be ((-4)/(-3))/(1 + b/3). What is the remainder when ((-9)/3)/(l/34*3) is divided by 10?
7
Suppose 158*l + 38439 - 685701 = -309*l. Calculate the remainder when l is divided by 195.
21
Let c(j) = j**3 + j**2 + j + 1. Let d be c(-1). Let f = -165 + 167. Suppose -i + 43 = -2*r, -f*r + 27 = i - d*r. Calculate the remainder when i is divided by 9.
8
Suppose -5*w + 8*s - 10*s = -362, -4*w = 2*s - 290. Calculate the remainder when 11375 is divided by w.
71
Suppose -19*q + 4732 = 10*q - 3533. What is the remainder when q is divided by 12?
9
Suppose 6*s = -2*p + s + 36, 2*s = 4*p - 72. Let b(h) = 2*h**3 - 14*h**2 - 17*h - 67. What is the remainder when b(9) is divided by p?
14
Let r(i) = 36*i + 6. Let k(m) = -5*m - 13. Let g(z) = -2*z - 7. Let q(c) = 11*g(c) - 6*k(c). Calculate the remainder when r(1) is divided by q(1).
6
Suppose -2*x + 0*w + 28 = -5*w, -3*w = 0. Calculate the remainder when x is divided by 6/2*18/18.
2
Suppose 26*o - 10304 = 42*o. What is the remainder when 102 is divided by o/(-24) - 1 - 2/(-12)?
24
Suppose -179*h = -176*h - 654. Suppose -h*g = -219*g + 145. What is the remainder when g is divided by 44?
13
Suppose 61 = d + 63. Let a(u) = 65*u + 230. Calculate the remainder when a(d) is divided by (-1)/3 + (-85)/(-3).
16
Suppose -l + 32 = -5*u, 0*u - 4 = u. Let x(w) = -w**3 - 124*w**2 - 924*w + 493. What is the remainder when x(-116) is divided by l?
5
Suppose 0 = 9*i - 5*i - b - 196, -i + 46 = -b. Calculate the remainder when i is divided by (36/(-42))/(12/(-112)).
2
Let t(h) = -h**3 - 46*h**2 + 151*h + 234. Suppose -2*m = 2*m - 1512. Calculate the remainder when m is divided by t(-49).
36
Let v = -8509 - -8512. Calculate the remainder when (-2)/8 - 402/(-8) is divided by v.
2
Let b = -1171 + 2037. Let g = b + -845. What is the remainder when 47 is divided by g?
5
Let r = 118 + -128. Calculate the remainder when ((-3)/(-2))/(2/(-5 + 37)) is divided by 15/r - (-65)/10.
4
Suppose 2*p = 1846*x - 1847*x + 639, 3*p - 2*x - 969 = 0. Calculate the remainder when 643 is divided by p.
1
Let l(h) = -7*h - 45. Let z be l(-7). Suppose -3*r + 4*j - 274 = 0, -3*j = z*r + r + 476. Let u = -78 - r. What is the remainder when 108 is divided by u?
12
Let d(i) = -3*i**2 + 11 + 11*i + 4 + 8*i**2. Let x be (-46)/8 - 12/48. What is the remainder when d(x) is divided by 33?
30
Let z(l) = l**3 + 6*l**2 - 23*l + 18. Let n be z(-6). Suppose 0 = 182*q - 176*q - n. Calculate the remainder when q is divided by 11.
4
Suppose 52 = 5*l - 2*t, 0 = -131*l + 126*l - 4*t + 46. Calculate the remainder when 466 is divided by l.
6
Let w(a) = a**3 - 13*a**2 - 14*a - 2. Suppose -4*s + 6 = -50. Let x be w(s). Calculate the remainder when 120 + (3 - (-12)/x) is divided by 40.
37
Let n(g) = g**2 - 2*g + 1. Let d = 16483 - 16358. Calculate the remainder when d is divided by n(-2).
8
Let y(j) = 637*j - 3785. Calculate the remainder when 923 is divided by y(6).
35
Let z(d) = -16*d - 33. Let b be z(-3). Suppose b*n + 21 - 111 = 0. Suppose 4*h = h + 9. Calculate the remainder when n is divided by h.
0
Suppose 5*u + 194 + 241 = 0. Let b = u - -38. Let o = -27 - b. What is the remainder when o is divided by 5?
2
Let r be ((-1978)/(-69))/(2/(-3)). Let u(z) = -z**3 - 43*z**2 - 8*z - 15. Calculate the remainder when u(r) is divided by 55.
54
What is the remainder when 259 is divided by 15/(-2)*(1470/75 + -24)?
28
Calculate the remainder when -1 + 39/33 - (744072/(-308) - 19) is divided by 793.
56
Let y(d) = 3*d - 3. Let j be y(3). Suppose -2*i - 283 = -j*i - m, 82 = i + 4*m. Suppose i*u - 85 = 65*u. Calculate the remainder when 100 is divided by u.
15
Suppose -1587 = 251*m - 248*m. Let c = 817 + m. What is the remainder when c is divided by 74?
66
Let p(j) = -j**2 + 48*j + 22. Let k(y) = 53*y + 22. Let h(a) = 4*k(a) - 5*p(a). What is the remainder when 78/(1/(0 - -1)) is divided by h(7)?
24
Let p = -57 + 93. Suppose f + 5*t + 141 = 4*f, -168 = -3*f - 4*t. Suppose -5*w + 13 = -f. What is the remainder when p is divided by w?
10
Suppose -30 = 2*r - 176. Let a(b) = -b**2 - 29*b - 19. Let d be a(-10). Suppose 9*v + d = 18*v. Calculate the remainder when r is divided by v.
16
Let a(o) = -7 - o**3 - 10*o**2 - 280*o + 120*o + 133*o. Calculate the remainder when 197 is divided by a(-6).
10
What is the remainder when (10854/(-45))/(120/(-3300)) is divided by 22?
11
Suppose 0 = -3*w - 3*l - 87, 15 = -4*l + 3. Let g = 27 + w. Calculate the remainder when 5 is divided by 9*(60/18 + -3*g).
2
Let r(v) = -6*v**3 + 11*v**2 - 12*v + 24. Let w be r(-10). Suppose -31*z + w = -21183. What is the remainder when z is divided by 102?
101
Let o(t) be the second derivative of -t**4/12 - 19*t**3/6 - 15*t**2/2 + 7*t + 1. What is the remainder when 92 is divided by o(-18)?
2
Suppose 3*u - 87 = -y, -10*y - u = -7*y - 301. Calculate the remainder when 147 is divided by y.
45
Let t = 13743 - 12360. Calculate the remainder when t is divided by 73.
69
Let v(z) = 484*z - 524. What is the remainder when v(2) is divided by 89?
88
What is the remainder when 107/(-2)*(7 + 2 + -13) is divided by 203?
11
Let v = -3270 + 3275. Calculate the remainder when 406 is divided by v.
1
Let v = -16 - -22. What is the remainder when (-1)/(-2)*(-18)/12 + 86/8 is divided by v?
4
Let t(v) = 2*v + 34. Let u be ((-11)/(-3) - 3)/(8/(-132)). Let c be t(u). Suppose -6*d = -c*d + 204. Calculate the remainder when 168 is divided by d.
32
Let j be ((-5 - 3)*-1)/2. Suppose 0 = -4*q - 4*x - j, 3*q - 2*x - 16 - 1 = 0. Suppose -q*h + 518 + 214 = 0. Calculate the remainder when h is divided by 49.
48
Let y = -351 + 360. Suppose 0 = 2*k, -k = -5*a + 44 - y. Calculate the remainder when 55 is divided by a.
6
Let u = -3374 - -3441. What is the remainder when 251 is divided by u?
50
Suppose 0 = -33*c + 37489 + 28808. Calculate the remainder when c is divided by 118.
3
Let l(w) = -4*w**2 - 16*w - 3. Let a be l(-7). Let y = a + 150. What is the remainder when y is divided by (-1 + 0)/(16/(-208))?
11
Suppose 8*b - 10*b - 472 = 0. Let w = b - -307. Calculate the remainder when w is divided by 10.
1
Suppose -114*k = -112*k - 14. Calculate the remainder when (2 - (-1032)/28)*k is divided by 70.
62
Let i(q) = 4*q**2 - 3*q - 3. Let u be i(-2). Let s = u + -20. Calculate the remainder when s*(-298)/6*(-16 - -19) is divided by 30.
29
Let p = 56 + -34. Let m(x) = 2*x**3 - 269*x**2 + 430*x - 3994. Calculate the remainder when m(133) is divided by p.
19
Let k be 4/(2 + -3 - 0). Let a(r) = 5*r + 37. What is the remainder when 61 is divided by a(k)?
10
Let j(u) = -u - 55. Let c be j(-11). Let h = c + 52. Suppose -219 = -h*w + 37. Calculate the remainder when 122 is divided by w.
26
Suppose -y = 3*y - 4, -y = 3*o - 58. Suppose 129 = 2*d - 8*c + 3*c, 5*d - 375 = -5*c. What is the remainder when d is divided by o?
15
Let q(s) = 4*s**2 - 3*s + 29. Let n be q(13). Suppose 0 = -6*h + 11*h - 50. Calculate the remainder when n/15 - 12/(-20) is divided by h.
5
Let r be 2490/(-10) - 3*-2. Let h = -64 - r. What is the remainder when h is divided by 13?
10
Suppose 8 = -2*s, 3*s = -0*q - 3*q + 312. What is the remainder when q is divided by ((-36)/(-27))/((-11)/(-330))?
28
Let w = -5815 + 5854. What is the remainder when 1530 is divided by w?
9
Let v(r) = 1371*r + 9084. Calculate the remainder when v(-6) is divided by 140.
18
Let j(d) be the first derivative of -d**3/3 - 10*d**2 - 33*d + 6. Let r = 174 + -116. What is the remainder when r is divided by j(-16)?
27
Suppose 0 = -734*c + 731*c - 3*w + 699, -2*c + 431 = -3*w. Calculate the remainder when 438 is divided by c.
212
Let g = 9 + -13. Calculate the remainder when 249 is divided by 168/g*((-135)/10)/9.
60
Suppose 14*f - 1629 = -467. Suppose 81*y = f*y - 140. What is the remainder when y is divided by 18?
16
Suppose -3*o = -u + 8, -7*u - 4*o = -2*u - 97. Let a(h) = -h